-12 - 16 + 25 - m. Calculate the remainder when r(-13) is divided by t.
1
Suppose p - 4*d = 22, p + d - 20 = -3*p. Suppose -a = -p*a - 10, w = 4*a + 10. Suppose -9 + 25 = w*h. Calculate the remainder when 28 is divided by h.
4
Suppose -2*i = 4*w - 6 - 134, i + w = 68. Let m(v) = 2*v**2 + 3*v - 4. Calculate the remainder when 2 + (-4 - -2) + i is divided by m(3).
20
Suppose 0 = z - 2*y - 10, 3*z + 42*y = 37*y + 52. What is the remainder when 24 is divided by z?
10
Suppose 7*f - f + 36 = 0. Let q(x) = -215 - x**3 - 5*x - 6*x**2 + 112 + 106. What is the remainder when q(f) is divided by 12?
9
Suppose 0 = -m + 4*g - 0 - 7, -9 = -3*g. Let u = 13 + m. What is the remainder when 53 is divided by u?
17
Suppose 5*r = -j + 4*r + 68, 0 = -2*j + r + 145. Calculate the remainder when j is divided by 28.
15
Suppose 590 = 3*k - 4*c - c, 4*k + 5*c = 775. Calculate the remainder when k is divided by 49.
48
Let o = 75 - 72. What is the remainder when 142 is divided by o?
1
Let x(w) be the first derivative of 93*w**2/2 + 4*w + 11. What is the remainder when x(1) is divided by 25?
22
Suppose 2*s + 3*a + 4 = 0, 2*s - 4*a + 3*a = -4. Calculate the remainder when (5/20)/(s/(-56)) is divided by 2 + -1 + (0 - -2).
1
Let x(o) = -2*o**2 - 28*o + 7. Let y be x(-15). Let a = y - -37. Suppose 0*s = -4*s + 160. What is the remainder when s is divided by a?
12
Let n(i) = i**2 + 6*i + 10. Let p be n(-4). Suppose -3*q = -2*b - 35, -3*b = 2*q + p*q - 75. What is the remainder when 56 is divided by q?
11
What is the remainder when 1101 is divided by ((-47)/(-47) + 2 + -1)*8?
13
Suppose 2*z - 7*z = -175. Let g = 117 - 50. What is the remainder when g is divided by z?
32
Let o = -466 + 472. What is the remainder when 21 is divided by o?
3
Calculate the remainder when (-127575)/(-70) + (-1)/2 is divided by 25.
22
Let l = -246 + 264. What is the remainder when 88 + 0*2/4 is divided by l?
16
Let v(o) = o**2 - 2*o - 2. Calculate the remainder when ((-10)/6)/(10/(-42)) is divided by v(-2).
1
Suppose 108 = 2*f + 2*f. Let k(w) = 17*w + 5. Suppose 16 + 2 = 3*q. What is the remainder when k(q) is divided by f?
26
Suppose -81*x + 78*x = -459. Calculate the remainder when x is divided by 13.
10
Let u = -6 + 28. Suppose 20*q - u*q + 70 = 0. Let k = -109 + 176. Calculate the remainder when k is divided by q.
32
Let f(o) = -16*o - 4. Calculate the remainder when f(-5) is divided by ((-247)/(-26))/19*22.
10
Let r be 1/(-2) + 146/(-4). Suppose 104 = -24*z - 1288. Let w = r - z. What is the remainder when 83 is divided by w?
20
Suppose 0 = -4*t - 2*a + 720, -3*t - 4*a = -5*t + 370. Suppose -2*w - 145 = -5*y + 85, w = -2*y + 92. Calculate the remainder when t is divided by y.
43
Let o(a) = -a**3 + 16*a**2 + 4*a - 4. Let s(z) = 3*z**2 + z - 1. Let u(i) = 2*o(i) - 11*s(i). Calculate the remainder when u(-2) is divided by 8.
5
Suppose 85 = 4*l + 5*c, -8*l = -9*l + 3*c. Suppose f + 1 = -4. Let n(m) = -m**3 - 3*m**2 + 5*m + 4. What is the remainder when n(f) is divided by l?
14
Let g = -44 + 54. Let h(o) = o**3 - o**2 + 4*o. Let k be h(4). Suppose 0 = -4*m - 2*y + k, -3*m - m = -y - 70. What is the remainder when m is divided by g?
7
Let w = -7 - -76. What is the remainder when w is divided by 14?
13
Let c(d) = 5*d + 26. Let v be c(-4). Suppose -3*j + 39 = -v. Suppose 0 = -x - x + 16. What is the remainder when j is divided by x?
7
Let r(j) = -9*j + 1. Let s be r(-2). Let d = 33 - s. Calculate the remainder when 41 is divided by d.
13
Suppose 0 = 5*g + 4*m - m - 140, 0 = -3*g - 2*m + 83. Let p be ((0 + 3)/((-9)/(-6)))/(-2). Calculate the remainder when g is divided by 2*p + 9 + 1.
7
Let c(y) = y. Let j be c(8). Suppose j*d + 102 = 398. Calculate the remainder when d is divided by 8.
5
Suppose j - 59 = -5*w, 4*w = 52*j - 50*j + 36. Let z = 1 + 2. What is the remainder when w is divided by z?
2
Suppose 4*w + 2*w - 54 = 0. What is the remainder when 34 is divided by w?
7
Let p be (-2)/3*9/(-2). Suppose p*t = -0*t + 60. What is the remainder when 39 is divided by t?
19
Let y(a) = -2*a + 15. What is the remainder when 31 is divided by y(-3)?
10
Suppose -3*v - w - 209 = 2*v, 221 = -5*v - 4*w. Let m = -38 - v. What is the remainder when m is divided by 2?
1
Let q = -71 + 34. Let g = q + 92. Calculate the remainder when g is divided by 19.
17
Suppose 4*n - 23 = -3*l, -2*l = -l - n - 3. Suppose -3*c + l*c = 8. What is the remainder when 14 is divided by c?
2
Suppose -4545 = -53*n + 3511. What is the remainder when n is divided by 88?
64
Let k = 12 - 9. Let u be 5*2*k/6. Suppose -u*f = -4*f - 14. Calculate the remainder when f is divided by 5.
4
Let i = 373 - 247. Let t = -103 + i. Calculate the remainder when 66 is divided by t.
20
Suppose 0 = -4*h + 28 + 252. Calculate the remainder when 254 is divided by h.
44
Let x = 19 + -11. Let f(t) = 91*t**2 + t. Let d be f(1). Let z = d - 78. Calculate the remainder when z is divided by x.
6
What is the remainder when (-3600)/500*50/(-3) is divided by 67?
53
Calculate the remainder when (-1 + 0)/(48/(-7488)) is divided by 32.
28
Let m(v) = 48*v - 176. Calculate the remainder when 138 is divided by m(4).
10
Let k be 184/10 + (-6)/(-10). Let z = k - -17. Calculate the remainder when z is divided by 13.
10
Let i(v) = -5*v + 10. Let t(a) = 6*a - 10. Let g(u) = 3*i(u) + 2*t(u). Let d(s) = 2*s + 5. Let r be d(-6). Calculate the remainder when 123 is divided by g(r).
30
Let f = 1251 + -1159. Calculate the remainder when 915 is divided by f.
87
Suppose 0 = 3*y - y + 4*c - 32, 4*y = c + 37. Suppose 2*t - 4*t + 146 = 4*z, -5*z + t + 193 = 0. Calculate the remainder when z is divided by y.
8
Let x be (1 - -4) + 2 + 1. Suppose -x*g - 115 = -475. Calculate the remainder when g is divided by 8.
5
Let a be 125/(-10)*(-2)/5. Suppose -9*z = -a*z - 24. Calculate the remainder when z is divided by 3.
0
Let o(y) = y**2 - 3*y - 1. Let s be 3/(-5)*(-90)/6. Let i be (-1)/3 - (-39)/s. Calculate the remainder when 6 is divided by o(i).
0
Let m be -1 + (-358)/8 + (-48)/(-64). Calculate the remainder when (m + 2)*8/(-8) is divided by 23.
20
Suppose -2*g + 20 = -8. Let s = -155 + 205. Calculate the remainder when s is divided by g.
8
Let s be 2/(-4) - (-5)/2. Suppose s*d - 30 = 8. Let f = d - 11. What is the remainder when 21 is divided by f?
5
Suppose -3 - 10 = c + 4*g, -5*g = 5*c + 65. Let i(n) = n**3 + 13*n**2 - 5*n - 14. Calculate the remainder when i(c) is divided by 13.
12
Let k = 769 + -732. Calculate the remainder when 256 is divided by k.
34
Let y(k) = 24*k - 1. Let f be y(2). Let t = f - 16. Let o = -45 + 62. What is the remainder when t is divided by o?
14
Let g = -632 - -639. Let p = -1 - -3. Calculate the remainder when g is divided by p.
1
Let h = -32 + 35. Suppose -f + 4*f = h*c - 69, -3*f = 2*c - 41. What is the remainder when (12/10)/(c/495) is divided by 14?
13
Let f be (14 + -13)*(-1 + 5). Suppose 3*n + 2*n + f*g - 93 = 0, 0 = n + 5*g - 6. Calculate the remainder when n is divided by 8.
5
Suppose 0*p + 5*p = 20. Let k(u) = 5 - 1 + 7*u + 5*u. What is the remainder when k(p) is divided by 11?
8
Suppose 0*t - 240 = -10*t. Let u = 2 - -7. What is the remainder when t is divided by u?
6
What is the remainder when 243 - (-8)/((-28)/(-7)) is divided by 113?
19
Let g(h) = -2*h - 3. Let k be g(-6). Let x = k - -66. What is the remainder when x is divided by 20?
15
Let s = 793 + -735. Calculate the remainder when s is divided by 46.
12
Suppose 0 = -3*f + 4*f - 10. Let a(s) = -s**2 + 16*s - 1. Suppose -t + 21 = -2*b + 51, -5*t - 20 = 0. What is the remainder when a(b) is divided by f?
8
Suppose -5*c - 5*g + 3 = -2, 0 = g + 4. Suppose 11*r - 340 = r. Calculate the remainder when r is divided by c.
4
Suppose 0 = -2*t - v - 32, 2*v + 28 = -2*t + 3*v. Let u(n) = -2*n - 28. Calculate the remainder when 2 is divided by u(t).
0
Let z(r) = -2*r - 19. Let m be (-12)/((-9)/(-3))*2. Let y be z(m). Let d = 5 + y. Calculate the remainder when 7 is divided by d.
1
Let s be (-6)/12 + (-122)/4. Let z = 14 - s. Calculate the remainder when z is divided by 12.
9
Let t(b) = -b**3 - 4*b**2 + 2*b - 3. Calculate the remainder when (-11)/(-154)*-6 - 220/(-7) is divided by t(-5).
7
Let s = 14 - 11. Suppose -s*w + 12 = 3. Suppose -f = -w*f + 14. Calculate the remainder when f is divided by 5.
2
Let c be 43 + -